12
Let b(n) = 2*n**2 - 13*n - 91. Determine b(10).
-21
Let j(u) = -u**3 + 45*u**2 + 5569*u - 257250. Determine j(47).
75
Let t(d) = -d**2 - 12910*d - 206184. Calculate t(-16).
120
Let d(p) = 17*p**3 - 3061*p**2 + 167*p + 2335. Give d(180).
-5
Let h(r) = 3*r**3 + 152*r**2 + 410*r. Calculate h(-48).
-1248
Let g(k) = -47*k**2 - 2128*k + 10. What is g(-45)?
595
Let c(r) = r**2 + 796*r - 5619. Determine c(7).
2
Let x(n) = -10*n**2 + 93*n + 1658. Determine x(-15).
-1987
Let o(c) = 87*c**3 + 608*c**2 + 1803*c + 12663. Determine o(-7).
-7
Let t(w) = -971*w + 149578. Give t(154).
44
Let l(c) = -28*c**2 + 11357*c + 3848. Give l(406).
-618
Let b(z) = 3*z**2 - 223*z + 4462. What is b(41)?
362
Let t(m) = 4*m**3 - 11*m**2 + 36*m - 140. Determine t(3).
-23
Let w(a) = -7896*a - 71080. Give w(-9).
-16
Let d(c) = -4*c**3 + 9*c**2 + 16*c + 28. Calculate d(-2).
64
Let z(m) = -1269*m + 53051. Give z(42).
-247
Let n(g) = -g**2 + 35*g + 641. Calculate n(42).
347
Let c(r) = -r**3 - 173*r**2 - 121*r + 8917. Determine c(-172).
145
Let z(c) = c**3 - 674*c**2 - 55351*c + 19. Give z(-74).
-55
Let q(v) = v**2 - 759*v + 135658. What is q(471)?
10
Let i(d) = 6200*d + 154982. What is i(-25)?
-18
Let i(o) = 3394*o - 3373637. What is i(994)?
-1
Let p(q) = -4*q**3 - 6*q**2 + 3861*q + 22506. What is p(-6)?
-12
Let d(s) = s**2 - 925*s + 42151. What is d(48)?
55
Let k(j) = -2*j**3 - 20*j**2 - 282*j - 3304. Determine k(-11).
40
Let k(g) = 181*g**2 + 367*g - 1638. What is k(5)?
4722
Let g(x) = 2*x**2 + 5688*x + 107360. What is g(-19)?
10
Let r(l) = -5*l**3 + 1823*l**2 + 4403*l + 365. Determine r(367).
-2
Let n(y) = -y**3 - 24*y**2 + 474*y + 229. Give n(12).
733
Let i(z) = z**2 - 1542*z - 116083. What is i(-72)?
125
Let r(q) = 410760*q - 1232282. What is r(3)?
-2
Let y(z) = -1168*z - 13899. Calculate y(-12).
117
Let x(w) = 556686*w + 4453453. What is x(-8)?
-35
Let d(y) = -1678*y + 882636. Determine d(526).
8
Let q(m) = -128*m - 5708. What is q(-19)?
-3276
Let i(s) = -26673*s - 106823. Determine i(-4).
-131
Let f(d) = -d**3 - 18*d**2 + 230*d + 2709. Determine f(-15).
-1416
Let z(l) = -3136*l + 27844. Calculate z(9).
-380
Let m(z) = -608*z + 3308. What is m(5)?
268
Let x(r) = r**2 - 7603*r - 305759. Determine x(-40).
-39
Let c(d) = 16359*d + 97673. What is c(-6)?
-481
Let n(f) = 2*f**3 - 161*f**2 + 614*f - 10. Calculate n(4).
-2
Let s(v) = -345*v + 37275. Give s(108).
15
Let s(w) = -3871*w - 437417. Calculate s(-113).
6
Let c(g) = 6344*g - 2537601. What is c(400)?
-1
Let w(q) = -20*q**2 + 512*q - 297. Calculate w(25).
3
Let v(z) = z**3 + 72*z**2 - 142*z + 743. Calculate v(-74).
299
Let i(g) = 1151*g + 13884. Determine i(-12).
72
Let n(a) = -a**3 - 7170*a**2 + 35874*a + 3. What is n(5)?
-2
Let r(x) = 1474*x + 900618. What is r(-611)?
4
Let a(m) = 10101*m + 909091. What is a(-90)?
1
Let v(f) = 4*f**3 - 142*f**2 + 234*f - 5733. What is v(35)?
7
Let s(r) = 7*r**3 + 1317*r**2 + 155*r - 6217. Calculate s(-188).
-13
Let h(i) = -830*i - 19724. Determine h(-24).
196
Let y(g) = 2*g**3 - 425*g**2 - 17046*g + 719. Calculate y(247).
-22
Let m(a) = 2099*a + 48396. Calculate m(-23).
119
Let u(j) = -j**3 + 188*j**2 + 298*j + 15567. Calculate u(190).
-13
Let a(f) = -113*f**3 + 338*f**2 - 7*f + 18. Give a(3).
-12
Let i(f) = 28*f**2 - 284*f - 1749. Determine i(-6).
963
Let j(n) = n**3 + 10*n**2 - 16080*n - 192667. Give j(-12).
5
Let w(c) = c**2 + 270*c - 71095. Determine w(162).
-1111
Let d(t) = 2*t**3 - 20*t**2 - 1774*t + 940. Determine d(35).
100
Let u(t) = -4*t**3 - 3*t**2 + 25*t - 65. Determine u(-7).
985
Let y(z) = 5441*z + 1000838. Calculate y(-184).
-306
Let p(y) = 1582*y + 273867. Calculate p(-173).
181
Let g(b) = 12*b**2 + 7458*b - 169883. Calculate g(22).
1
Let u(r) = 14*r**2 + 3644*r + 8235. What is u(-258)?
-21
Let c(x) = -548*x - 753. Determine c(-1).
-205
Let v(j) = 20624*j - 9920138. Give v(481).
6
Let v(i) = 179*i - 42203. Give v(233).
-496
Let s(a) = -3*a**2 - 548*a - 8611. Calculate s(-166).
-311
Let c(f) = -f**2 - 951*f + 121412. Calculate c(114).
2
Let v(z) = 801*z - 306828. What is v(383)?
-45
Let n(b) = -2*b**2 - 501*b + 8868. Give n(16).
340
Let u(j) = -2*j**3 + 8*j**2 - 16*j - 634. Calculate u(-12).
4166
Let n(t) = t**3 - 29*t**2 - 1428*t + 154. What is n(-26)?
102
Let j(m) = -m**3 + 35*m**2 + 76*m + 3111. Calculate j(39).
-9
Let c(t) = -2*t**3 + 354*t**2 + 1057*t - 5. Give c(-3).
64
Let z(a) = -38*a**2 + 2998*a + 350. Determine z(79).
34
Let l(w) = w**3 - 516*w**2 + 1441*w + 50271. Give l(513).
-3
Let o(v) = 470*v + 100108. What is o(-213)?
-2
Let r(x) = -9*x**2 + 578*x - 149. What is r(67)?
-1824
Let v(r) = -38953*r - 233693. Calculate v(-6).
25
Let z(t) = -16659*t + 299881. Give z(18).
19
Let r(t) = 365*t - 8753. What is r(24)?
7
Let f(o) = 3*o**2 - 65*o + 66. Determine f(5).
-184
Let r(f) = 1046*f - 48094. Calculate r(46).
22
Let f(l) = -l**3 - 43*l**2 - 386*l + 496. What is f(-29)?
-84
Let s(n) = -n**3 - 53*n**2 - 36*n + 4075. Determine s(-51).
709
Let c(w) = -14*w**3 - 25*w**2 - 16*w - 61. Give c(-4).
499
Let y(w) = 3*w**3 + 19*w**2 - 163*w + 276. Calculate y(8).
1724
Let j(h) = -57*h**2 - 974*h - 999. Calculate j(-16).
-7
Let z(m) = m**2 - 52*m + 316. What is z(21)?
-335
Let s(o) = 44*o**3 + 960*o**2 - 131*o + 1042. Determine s(-22).
52
Let g(n) = -148331*n + 3263274. Calculate g(22).
-8
Let l(r) = -5551*r + 188598. Determine l(34).
-136
Let o(d) = d**3 + 33*d**2 - 433*d - 4366. What is o(-7)?
-61
Let k(d) = 2*d**3 - 2739*d**2 + 37972*d - 246. Determine k(14).
6
Let y(s) = -2*s**2 - 33224*s - 265672. Determine y(-8).
-8
Let s(d) = -607*d + 1307. Give s(3).
-514
Let y(q) = 6*q**2 - 161*q - 69. Give y(22).
-707
Let y(k) = 26233*k - 1232965. Calculate y(47).
-14
Let v(w) = -2923*w - 236771. What is v(-81)?
-8
Let s(t) = 2*t**2 + 1203*t - 90166. Calculate s(68).
886
Let u(g) = 7*g**3 - 36*g**2 + 38264*g - 229812. Determine u(6).
-12
Let z(s) = 1082*s**2 - 2253*s + 21. Calculate z(2).
-157
Let m(a) = a**2 - 1754*a + 378495. Determine m(252).
-9
Let x(g) = -2*g**3 - 42*g**2 - 129*g - 5. Calculate x(-17).
-124
Let c(v) = -6*v**3 - 48*v**2 - 62*v + 161. Give c(-5).
21
Let p(a) = a**2 + 3082*a + 816900. Determine p(-293).
-277
Let v(g) = -117*g**2 - 2364*g - 473. Calculate v(-20).
7
Let z(q) = q**3 - 108*q**2 + 554*q - 25068. Calculate z(105).
27
Let j(c) = c**2 - 69*c + 942. Give j(28).
-206
Let p(i) = -121*i**2 + 6222*i - 2092. Determine p(51).
509
Let p(z) = 149799*z - 599195. What is p(4)?
1
Let k(s) = s**2 + 56*s - 680. Calculate k(18).
652
Let u(n) = -360*n + 533532. Determine u(1482).
12
Let f(m) = -4*m**2 + 85*m + 1270. What is f(30)?
220
Let b(g) = 2856*g - 2870296. Give b(1005).
-16
Let i(f) = 16*f**3 + 25*f**2 + 65*f + 58. What is i(-3)?
-344
Let u(h) = 13*h**2 + 1689*h - 199797. Give u(75).
3
Let t(x) = -53682*x - 2415701. Determine t(-45).
-11
Let m(s) = -7*s**2 + 28*s + 777. What is m(-15)?
-1218
Let c(f) = f**2 - 228*f + 846. Calculate c(4).
-50
Let x(v) = 2*v**3 - 8*v**2 - 2872*v + 22970. Determine x(8).
506
Let q(z) = -z**3 + 13*z**2 + 151*z + 115. Determine q(21).
-242
Let q(t) = -t**3 + 71*t**2 + 318*t - 985. Determine q(75).
365
Let b(r) = 2996*r + 8967. Give b(-3).
-21
Let u(f) = -517*f**2 + 271419*f + 3146. Give u(525).
-4
Let k(w) = -170491*w - 5455720. Determine k(-32).
-8
Let b(q) = -307*q**2 - 7*q + 10. Give b(5).
-7700
Let j(n) = n**2 - 39*n - 9842. What is j(128)?
1550
Let w(j) = -5*j**2 - 3726*j + 108254. Calculate w(28).
6
Let i(x) = -15*x - 3106. What is i(0)?
-3106
Let d(p) = -2*p**2 - 1134*p + 65758. What is d(-620)?
38
Let y(v) = -8*v**2 + 88*v + 1745. Give y(-15).
-1375
Let w(u) = -2377*u + 4416. Determine w(2).
-338
Let u(c) = 236375*c - 3072879. Calculate u(13).
-4
Let f(i) = -i**3 + 44*i**2 + 56*i - 509. What is f(45)?
-14
Let n(s) = -495*s + 43675. Give n(88).
115
Let h(x) = -453*x**2 + 854*x - 855. Determine h(1).
-454
Let p(t) = -1517*t - 80922. What is p(-54)?
996
Let t(b) = 315*b + 9023. Calculate t(-29).
-112
Let h(j) = 4*j**2 + 728*j - 11061. Determine h(14).
-85
Let q(n) = 3*n**3 - 4*n**2 - 935*n + 3713. Give q(4).
101
Let q(i) = 10*i**3 - 2727*i**2 - 814*i - 1415. What is q(273)?
-50
Let s(v) = 243*v**2 - 984*v - 39. What is s(3)?
-804
Let z(g) = 3*g**2 + 890*g - 24876. Give z(27).
1341
Let v(k) = -k**3 + 151*k**2 - 5099*k - 60. Gi